0001
In base 4, what is 32 + 1032223331?
1032230023
In base 9, what is -15768 - 26?
-15805
In base 10, what is 16570 + 2?
16572
In base 14, what is 6132 + -6?
612a
In base 15, what is 5 - -79c3?
79c8
In base 15, what is e1 - 15?
cb
In base 10, what is 352 - -1?
353
In base 15, what is -bdb - 11?
-bec
In base 5, what is -3003 - -21243?
13240
In base 8, what is -271602 + 17?
-271563
In base 16, what is -35 + 42c0?
428b
In base 12, what is -24 + 4538?
4514
In base 5, what is -111220341 - -1?
-111220340
In base 14, what is 45b - -16d1?
1b4c
In base 7, what is 14 - -60660?
61004
In base 14, what is -24 - 5b417?
-5b43b
In base 13, what is -7 + 5911?
5907
In base 11, what is 287a - -313?
3092
In base 2, what is -11101111101 - -11010000?
-11010101101
In base 8, what is -5 + -441247?
-441254
In base 3, what is -1222022200 - 1?
-1222022201
In base 7, what is 4134 - -33?
4200
In base 9, what is -65 - 1642?
-1717
In base 4, what is -10 + -13033312?
-13033322
In base 14, what is -12 + 12288c?
12287a
In base 3, what is 1 - -2201220120?
2201220121
In base 9, what is -314 - -2328?
2014
In base 4, what is -312 + 11022?
10110
In base 8, what is -62152 - -5?
-62145
In base 10, what is 2329 + 31?
2360
In base 6, what is -21 + 450?
425
In base 12, what is -9b - -198?
b9
In base 9, what is -13 - -207807?
207784
In base 15, what is -37550 - 5?
-37555
In base 15, what is 51637 - 2?
51635
In base 12, what is -3 - 559a?
-55a1
In base 4, what is -3033302 + -33?
-3100001
In base 6, what is 23224 - -34?
23302
In base 5, what is 20 + 2202?
2222
In base 13, what is -3 + 1122?
111c
In base 5, what is -232322 - -2023?
-230244
In base 7, what is 30646616 - -4?
30646623
In base 13, what is 3770b - 4?
37707
In base 12, what is 2070 + -4?
2068
In base 11, what is -65a4 + -116?
-670a
In base 10, what is -11090 + -5?
-11095
In base 12, what is -5 - 22a8b1?
-22a8b6
In base 2, what is 1111001 + 110110010?
1000101011
In base 8, what is -216547 + -2?
-216551
In base 6, what is 11302 - 45?
11213
In base 2, what is 10 - 10100101110111?
-10100101110101
In base 10, what is -2139 - -9?
-2130
In base 4, what is 20330 + 11032?
32022
In base 16, what is 1b - -b83?
b9e
In base 11, what is 142 + -105?
38
In base 10, what is -22 + -20064?
-20086
In base 3, what is 2 - -1120122002220?
1120122002222
In base 12, what is -47 + 98?
51
In base 13, what is -a - a81aa?
-a81b7
In base 7, what is 3 - -35214?
35220
In base 8, what is -157 + -266?
-445
In base 7, what is 263 + 5103?
5366
In base 16, what is -12e - 273?
-3a1
In base 3, what is -1201111 - -101012?
-1100022
In base 5, what is -2221 + 13?
-2203
In base 16, what is -18 + -fe2f?
-fe47
In base 16, what is 448 + -57?
3f1
In base 2, what is -10101111000 - -100010110?
-10001100010
In base 15, what is -24d - -1ea?
-53
In base 2, what is 110001111101110110011 - 1?
110001111101110110010
In base 7, what is 3653 + 353?
4336
In base 13, what is -252 - -130?
-122
In base 14, what is 9ab1 - -4?
9ab5
In base 4, what is -331 - -1313331?
1313000
In base 13, what is 3 + 295a8?
295ab
In base 15, what is -b8bc9b - -5?
-b8bc96
In base 5, what is -4241 + -1121?
-10412
In base 15, what is -24 - 267?
-28b
In base 4, what is -23 - 112323120?
-112323203
In base 13, what is c3 - -217?
30a
In base 11, what is 28 + 606?
633
In base 11, what is -a + 94433?
94424
In base 8, what is 11733614 - -3?
11733617
In base 3, what is 21200 + 12112221?
12211121
In base 3, what is 21010001202 - -11?
21010001220
In base 10, what is -4 - -114091?
114087
In base 6, what is 5522 - 113?
5405
In base 16, what is -162d - 47?
-1674
In base 7, what is 1640 + 12425?
14365
In base 16, what is 3e0db8 - -5?
3e0dbd
In base 6, what is -1500 + -3053?
-4553
In base 10, what is -660 + 1338?
678
In base 12, what is 686 - 34?
652
In base 7, what is -5 + -111316?
-111324
In base 14, what is -590d - 6?
-5915
In base 13, what is 3 - cba6?
-cba3
In base 14, what is ca9 + d5?
da0
In base 8, what is 25 + 3711?
3736
In base 16, what is -3b + 1075?
103a
In base 14, what is -5 + 11daa?
11da5
In base 14, what is -114a + 2b?
-111d
In base 12, what is 2 - a2835?
-a2833
In base 12, what is -15 - 1402a8?
-140301
In base 4, what is 1022300 + -120?
1022120
In base 16, what is 7 - f0f6?
-f0ef
In base 12, what is 5 + 4410?
4415
In base 15, what is -9857 - -2?
-9855
In base 6, what is 311 - -230?
541
In base 6, what is 1 + -5413221?
-5413220
In base 4, what is -2120 + -2203?
-10323
In base 5, what is 1012 + 14233?
20300
In base 15, what is a352 - -3?
a355
In base 8, what is -2240622 - 3?
-2240625
In base 14, what is -4c6aa - 4?
-4c6b0
In base 5, what is -114244200 + 4?
-114244141
In base 12, what is 6667b + -1?
6667a
In base 10, what is 27558 + -57?
27501
In base 13, what is -9c8 + -45?
-a40
In base 6, what is 4 - 512531?
-512523
In base 10, what is 17 - 824?
-807
In base 5, what is 113033 - 10?
113023
In base 13, what is 1 + -2082?
-2081
In base 3, what is -1021 + 121102?
120011
In base 13, what is -150c2c4 + 4?
-150c2c0
In base 11, what is a8 - 0?
a8
In base 14, what is -31b8 + 7?
-31b1
In base 7, what is -304 - 262?
-566
In base 4, what is 2 - -1000213?
1000221
In base 7, what is 254223 + 53?
254306
In base 2, what is 10100000110110 + 10001?
10100001000111
In base 8, what is -244647 - -32?
-244615
In base 8, what is -71 - 236370?
-236461
In base 13, what is 21 + -5340?
-531c
In base 8, what is 1057 + 72?
1151
In base 13, what is -29a6 + 68?
-293b
In base 14, what is -1166 - -14b?
-1019
In base 13, what is 6c9 + -3?
6c6
In base 13, what is -6 - 304?
-30a
In base 10, what is 535 - -13?
548
In base 8, what is 55714 + -11?
55703
In base 10, what is 16783 - 18?
16765
In base 5, what is -12 - 104332?
-104344
In base 6, what is 543 - -152?
1135
In base 12, what is -3 - -703b?
7038
In base 10, what is -21711 - -3?
-21708
In base 4, what is 303 + -200221?
-133312
In base 6, what is 10310410 - -5?
10310415
In base 8, what is 455273 + 4?
455277
In base 11, what is 1 - -a549?
a54a
In base 7, what is -100 - 1644?
-2044
In base 14, what is 22d - 42d2?
-40a3
In base 11, what is -954 + 306?
-649
In base 12, what is -14 - 24435?
-24449
In base 7, what is 5 + 33513?
33521
In base 15, what is 16e7 + -87?
1660
In base 9, what is -768 + -56?
-835
In base 12, what is -4 + -46ab?
-46b3
In base 15, what is 2 - -117c2?
117c4
In base 3, what is -20211212 + 110?
-20211102
In base 11, what is -165 + 3354?
319a
In base 2, what is -100101010111 + 100100?
-100100110011
In base 2, what is 10100000000 - 1011100111?
1000011001
In base 11, what is -13 - -26a55?
26a42
In base 13, what is 0 - -65b24?
65b24
In base 12, what is 2389b - 1?
2389a
In base 9, what is -557 - 55?
-623
In base 15, what is -7e + 876d?
86de
In base 14, what is 89 + -27?
62
In base 2, what is 1001 + -111011011001?
-111011010000
In base 10, what is -2620 - 29?
-2649
In base 16, what is -1 - 1f4?
-1f5
In base 7, what is -4201 - -40?
-4131
In base 6, what is 1250521 + 5?
1250530
In base 10, what is 3 + -123412?
-123409
In base 11, what is -3 + 133a22?
133a1a
In base 3, what is 1022 - 221222?
-220200
In base 14, what is -1c49 + -b?
-1c56
In base 6, what is -10 + 2150054?
2150044
In base 7, what is -15 + -2200?
-2215
In base 9, what is 2640 + -62?
2567
In base 8, what is 111303 - 10?
111273
In base 16, what is -5 - -11d8a?
11d85
In base 16, what is 0 + -d31?
-d31
In base 2, what is -100101010011 - -10000?
-100101000011
In base 14, what is 11 - d40?
-d2d
In base 16, what is 3 + a5f9?
a5fc
In base 4, what is 32202322 - 2?
32202320
In base 9, what is -261 + -410?
-671
In base 12, what is 23 + 30367?
3038a
In base 3, what is 0 + -220210221?
-220210221
In base 16, what is 5c42 - 35?
5c0d
In base 14, what is -17 - -1589?
1572
In base 5, what is 0 - -134042?
134042
In base 7, what is -150 - 11202?
-11352
In base 12, what is -2 - -88a?
888
In base 14, what is 11966 - -3?
11969
In base 7, what is -304 + -101?
-405
In base 8, what is 60266 + -11?
60255
In base 14, what is -905 + -38?
-93d
In base 2, what is -101100010111010 + -11011?
-101100011010101
In base 2, what is -10001100011111111000000 + -11?
-10001100011111111000011
In base 7, what is 24 - 11363?
-11336
In base 8, what is 102 - -112141?
112243
In base 7, what is -1531 - -21?
-1510
In base 11, what is -80150 - -7?
-80144
In base 10, what i